{"id":51,"date":"2015-12-10T11:17:17","date_gmt":"2015-12-10T10:17:17","guid":{"rendered":"http:\/\/cosia.fr\/?page_id=51"},"modified":"2015-12-10T13:23:10","modified_gmt":"2015-12-10T12:23:10","slug":"nos-services","status":"publish","type":"page","link":"https:\/\/cosia.fr\/index.php\/page-d-exemple\/nos-services\/","title":{"rendered":"Nos services"},"content":{"rendered":"<div id=\"attachment_37\" style=\"width: 199px\" class=\"wp-caption alignleft\"><a href=\"https:\/\/cosia.fr\/index.php\/page-d-exemple\/nos-services-2\/pilotage-et-coordination-de-projets\/\"><img aria-describedby=\"caption-attachment-37\" loading=\"lazy\" class=\"wp-image-37\" src=\"https:\/\/cosia.fr\/wp\/wp-content\/uploads\/2015\/12\/Fotolia_94534728_S-150x150.jpg\" alt=\"\" width=\"189\" height=\"189\" \/><\/a><p id=\"caption-attachment-37\" class=\"wp-caption-text\">Conduite de projets<br \/>Expertise m\u00e9tier<\/p><\/div>\n<div id=\"attachment_34\" style=\"width: 198px\" class=\"wp-caption alignleft\"><a href=\"https:\/\/cosia.fr\/index.php\/page-d-exemple\/nos-services-2\/maitrise-d-oeuvre\/\"><img aria-describedby=\"caption-attachment-34\" loading=\"lazy\" class=\"wp-image-34\" src=\"https:\/\/cosia.fr\/wp\/wp-content\/uploads\/2015\/12\/Fotolia_51282174_S-150x150.jpg\" alt=\"Optimiser l\u2019exploitation de vos donn\u00e9es, en assurer la qualit\u00e9 et la fiabilit\u00e9. Faciliter l\u2019appropriation de vos outils.\" width=\"188\" height=\"188\" \/><\/a><p id=\"caption-attachment-34\" class=\"wp-caption-text\">Exploitation des donn\u00e9es<br \/> Outils d&rsquo;analyse<\/p><\/div>\n<div id=\"attachment_35\" style=\"width: 199px\" class=\"wp-caption alignleft\"><a href=\"https:\/\/cosia.fr\/index.php\/nos-services-2\/architecture-du-systeme-dinformation\/\"><img aria-describedby=\"caption-attachment-35\" loading=\"lazy\" class=\"wp-image-35\" src=\"https:\/\/cosia.fr\/wp\/wp-content\/uploads\/2015\/12\/Fotolia_75574180_S-150x150.jpg\" alt=\" \" width=\"189\" height=\"189\" \/><\/a><p id=\"caption-attachment-35\" class=\"wp-caption-text\">Syst\u00e8me d\u2019information<br \/> Logiciels,\u00a0Infrastructures.<\/p><\/div>\n","protected":false},"excerpt":{"rendered":"","protected":false},"author":1,"featured_media":0,"parent":2,"menu_order":0,"comment_status":"closed","ping_status":"closed","template":"template-full-width.php","meta":[],"_links":{"self":[{"href":"https:\/\/cosia.fr\/index.php\/wp-json\/wp\/v2\/pages\/51"}],"collection":[{"href":"https:\/\/cosia.fr\/index.php\/wp-json\/wp\/v2\/pages"}],"about":[{"href":"https:\/\/cosia.fr\/index.php\/wp-json\/wp\/v2\/types\/page"}],"author":[{"embeddable":true,"href":"https:\/\/cosia.fr\/index.php\/wp-json\/wp\/v2\/users\/1"}],"replies":[{"embeddable":true,"href":"https:\/\/cosia.fr\/index.php\/wp-json\/wp\/v2\/comments?post=51"}],"version-history":[{"count":11,"href":"https:\/\/cosia.fr\/index.php\/wp-json\/wp\/v2\/pages\/51\/revisions"}],"predecessor-version":[{"id":99,"href":"https:\/\/cosia.fr\/index.php\/wp-json\/wp\/v2\/pages\/51\/revisions\/99"}],"up":[{"embeddable":true,"href":"https:\/\/cosia.fr\/index.php\/wp-json\/wp\/v2\/pages\/2"}],"wp:attachment":[{"href":"https:\/\/cosia.fr\/index.php\/wp-json\/wp\/v2\/media?parent=51"}],"curies":[{"name":"wp","href":"https:\/\/api.w.org\/{rel}","templated":true}]}}